
What is the units digit of 28649?
9
What is the thousands digit of 5166?
5
What is the thousands digit of 4550?
4
What is the hundreds digit of 5572?
5
What is the units digit of 895?
5
What is the tens digit of 2674?
7
What is the hundreds digit of 52034?
0
What is the units digit of 81221?
1
What is the hundreds digit of 8786?
7
What is the hundreds digit of 751?
7
What is the thousands digit of 15902?
5
What is the units digit of 2820?
0
What is the thousands digit of 53865?
3
What is the thousands digit of 1678?
1
What is the ten thousands digit of 45892?
4
What is the units digit of 372?
2
What is the hundreds digit of 3889?
8
What is the thousands digit of 20993?
0
What is the units digit of 2897?
7
What is the units digit of 3876?
6
What is the units digit of 499?
9
What is the ten thousands digit of 140653?
4
What is the hundreds digit of 67667?
6
What is the tens digit of 1942?
4
What is the tens digit of 29848?
4
What is the tens digit of 131453?
5
What is the tens digit of 126997?
9
What is the units digit of 8696?
6
What is the hundreds digit of 2866?
8
What is the tens digit of 3406?
0
What is the units digit of 517?
7
What is the ten thousands digit of 18757?
1
What is the units digit of 665?
5
What is the units digit of 10134?
4
What is the ten thousands digit of 22986?
2
What is the ten thousands digit of 49664?
4
What is the thousands digit of 9684?
9
What is the thousands digit of 1016?
1
What is the thousands digit of 23583?
3
What is the ten thousands digit of 21211?
2
What is the hundreds digit of 4416?
4
What is the tens digit of 26124?
2
What is the tens digit of 109231?
3
What is the units digit of 1031?
1
What is the tens digit of 13060?
6
What is the tens digit of 297?
9
What is the units digit of 1033?
3
What is the ten thousands digit of 45681?
4
What is the tens digit of 81377?
7
What is the thousands digit of 41356?
1
What is the hundreds digit of 5978?
9
What is the units digit of 60?
0
What is the hundreds digit of 3772?
7
What is the thousands digit of 4009?
4
What is the hundreds digit of 67597?
5
What is the hundreds digit of 10928?
9
What is the thousands digit of 21396?
1
What is the units digit of 507?
7
What is the hundreds digit of 4200?
2
What is the tens digit of 268?
6
What is the tens digit of 404?
0
What is the units digit of 980?
0
What is the units digit of 313?
3
What is the tens digit of 8761?
6
What is the hundreds digit of 106099?
0
What is the hundreds digit of 26331?
3
What is the units digit of 467?
7
What is the hundreds digit of 145?
1
What is the thousands digit of 6644?
6
What is the hundreds digit of 23342?
3
What is the hundreds digit of 528?
5
What is the tens digit of 38551?
5
What is the units digit of 30541?
1
What is the units digit of 814?
4
What is the units digit of 25214?
4
What is the hundreds digit of 2291?
2
What is the ten thousands digit of 118072?
1
What is the units digit of 13?
3
What is the tens digit of 4419?
1
What is the units digit of 1179?
9
What is the hundreds digit of 77309?
3
What is the hundreds digit of 12345?
3
What is the hundreds digit of 2081?
0
What is the thousands digit of 15916?
5
What is the tens digit of 33748?
4
What is the units digit of 2222?
2
What is the thousands digit of 34512?
4
What is the units digit of 1254?
4
What is the tens digit of 43215?
1
What is the tens digit of 143?
4
What is the units digit of 7348?
8
What is the hundreds digit of 955?
9
What is the hundreds digit of 773?
7
What is the hundreds digit of 4385?
3
What is the tens digit of 44044?
4
What is the thousands digit of 65071?
5
What is the thousands digit of 35365?
5
What is the hundreds digit of 51281?
2
What is the hundreds digit of 1307?
3
What is the tens digit of 22652?
5
What is the ten thousands digit of 79940?
7
What is the hundred thousands digit of 137420?
1
What is the tens digit of 25034?
3
What is the thousands digit of 7757?
7
What is the units digit of 22860?
0
What is the units digit of 54239?
9
What is the hundreds digit of 12464?
4
What is the thousands digit of 27107?
7
What is the hundreds digit of 804?
8
What is the units digit of 3918?
8
What is the units digit of 9434?
4
What is the units digit of 33267?
7
What is the tens digit of 14152?
5
What is the hundreds digit of 783?
7
What is the hundreds digit of 562?
5
What is the hundreds digit of 849?
8
What is the thousands digit of 10082?
0
What is the ten thousands digit of 12524?
1
What is the thousands digit of 93923?
3
What is the hundreds digit of 3371?
3
What is the units digit of 17410?
0
What is the units digit of 1406?
6
What is the ten thousands digit of 143879?
4
What is the units digit of 3561?
1
What is the tens digit of 890?
9
What is the thousands digit of 44485?
4
What is the tens digit of 41894?
9
What is the tens digit of 106?
0
What is the hundreds digit of 17874?
8
What is the hundreds digit of 403?
4
What is the tens digit of 739?
3
What is the hundreds digit of 52919?
9
What is the tens digit of 6720?
2
What is the tens digit of 8403?
0
What is the units digit of 10790?
0
What is the tens digit of 3877?
7
What is the hundreds digit of 94297?
2
What is the units digit of 404?
4
What is the tens digit of 5176?
7
What is the tens digit of 29?
2
What is the units digit of 1712?
2
What is the units digit of 15580?
0
What is the units digit of 2908?
8
What is the tens digit of 5733?
3
What is the units digit of 10600?
0
What is the units digit of 245?
5
What is the thousands digit of 51738?
1
What is the tens digit of 8572?
7
What is the units digit of 2685?
5
What is the hundreds digit of 118266?
2
What is the thousands digit of 5151?
5
What is the tens digit of 6452?
5
What is the ten thousands digit of 28265?
2
What is the hundreds digit of 2915?
9
What is the ten thousands digit of 13661?
1
What is the thousands digit of 4977?
4
What is the tens digit of 4549?
4
What is the thousands digit of 19164?
9
What is the hundreds digit of 3331?
3
What is the units digit of 3178?
8
What is the hundreds digit of 7494?
4
What is the tens digit of 537?
3
What is the units digit of 33892?
2
What is the hundreds digit of 3370?
3
What is the units digit of 1169?
9
What is the hundreds digit of 1754?
7
What is the tens digit of 9860?
6
What is the tens digit of 28473?
7
What is the units digit of 1867?
7
What is the units digit of 1153?
3
What is the ten thousands digit of 19812?
1
What is the units digit of 26118?
8
What is the units digit of 1259?
9
What is the hundreds digit of 1541?
5
What is the units digit of 314?
4
What is the thousands digit of 1981?
1
What is the ten thousands digit of 36239?
3
What is the tens digit of 322?
2
What is the tens digit of 27823?
2
What is the units digit of 785?
5
What is the tens digit of 1141?
4
What is the thousands digit of 61338?
1
What is the thousands digit of 11812?
1
What is the hundreds digit of 10267?
2
What is the tens digit of 26886?
8
What is the hundreds digit of 3033?
0
What is the hundreds digit of 117?
1
What is the units digit of 350?
0
What is the hundreds digit of 5349?
3
What is the hundreds digit of 115041?
0
What is the thousands digit of 6022?
6
What is the units digit of 7992?
2
What is the tens digit of 1756?
5
What is the units digit of 9?
9
What is the tens digit of 1431?
3
What is the thousands digit of 26935?
6
What is the ten thousands digit of 48313?
4
What is the units digit of 1786?
6
What is the units digit of 2855?
5
What is the units digit of 21987?
7
What is the ten thousands digit of 24071?
2
What is the thousands digit of 3572?
3
What is the units digit of 113?
3
What is the tens digit of 1195?
9
What is the hundreds digit of 1307?
3
What is the ten thousands digit of 49564?
4
What is the hundreds digit of 2013?
0
What is the tens digit of 1891?
9
What is the hundred thousands digit of 141135?
1
What is the thousands digit of 19358?
9
What is the hundreds digit of 2881?
8
What is the hundreds digit of 26166?
1
What is the thousands digit of 5182?
5
What is the ten thousands digit of 83527?
8
What is the tens digit of 20544?
4
What is the ten thousands digit of 10233?
1
What is the hundreds digit of 442?
4
What is the units digit of 55484?
4
What is the ten thousands digit of 11739?
1
What is the hundreds digi